hat is the thousands digit of 2614?
2
What is the units digit of 638?
8
What is the units digit of 123302?
2
What is the tens digit of 74712?
1
What is the tens digit of 2160?
6
What is the tens digit of 39?
3
What is the tens digit of 60?
6
What is the thousands digit of 2809?
2
What is the hundreds digit of 1345?
3
What is the thousands digit of 2866?
2
What is the thousands digit of 13624?
3
What is the thousands digit of 123528?
3
What is the ten thousands digit of 12472?
1
What is the units digit of 20643?
3
What is the thousands digit of 2557?
2
What is the tens digit of 3096?
9
What is the thousands digit of 3166?
3
What is the hundreds digit of 97092?
0
What is the units digit of 1603?
3
What is the tens digit of 495?
9
What is the thousands digit of 108336?
8
What is the hundreds digit of 318?
3
What is the hundreds digit of 5671?
6
What is the ten thousands digit of 31003?
3
What is the ten thousands digit of 29306?
2
What is the units digit of 2830?
0
What is the hundreds digit of 1899?
8
What is the units digit of 1156?
6
What is the hundreds digit of 2880?
8
What is the units digit of 2216?
6
What is the ten thousands digit of 88112?
8
What is the thousands digit of 61751?
1
What is the hundreds digit of 443?
4
What is the tens digit of 1216?
1
What is the units digit of 57415?
5
What is the tens digit of 1030?
3
What is the hundreds digit of 126292?
2
What is the thousands digit of 37153?
7
What is the units digit of 28188?
8
What is the tens digit of 28342?
4
What is the hundreds digit of 3479?
4
What is the units digit of 220?
0
What is the ten thousands digit of 115885?
1
What is the hundreds digit of 12655?
6
What is the hundreds digit of 2772?
7
What is the hundreds digit of 3305?
3
What is the thousands digit of 2002?
2
What is the hundreds digit of 24331?
3
What is the tens digit of 56026?
2
What is the units digit of 15949?
9
What is the thousands digit of 1913?
1
What is the tens digit of 4391?
9
What is the units digit of 8360?
0
What is the tens digit of 13539?
3
What is the hundreds digit of 3929?
9
What is the hundreds digit of 399?
3
What is the hundreds digit of 688?
6
What is the units digit of 13674?
4
What is the units digit of 3782?
2
What is the tens digit of 9203?
0
What is the units digit of 1109?
9
What is the units digit of 511?
1
What is the hundreds digit of 25591?
5
What is the thousands digit of 10670?
0
What is the units digit of 1349?
9
What is the tens digit of 14197?
9
What is the units digit of 16065?
5
What is the units digit of 1132?
2
What is the hundreds digit of 164?
1
What is the thousands digit of 3735?
3
What is the thousands digit of 3616?
3
What is the units digit of 3186?
6
What is the tens digit of 8024?
2
What is the tens digit of 86832?
3
What is the tens digit of 3568?
6
What is the hundreds digit of 4330?
3
What is the tens digit of 570?
7
What is the hundreds digit of 1139?
1
What is the thousands digit of 50703?
0
What is the ten thousands digit of 86911?
8
What is the ten thousands digit of 120472?
2
What is the thousands digit of 22368?
2
What is the hundreds digit of 1126?
1
What is the tens digit of 1617?
1
What is the hundreds digit of 3213?
2
What is the units digit of 7160?
0
What is the ten thousands digit of 58629?
5
What is the thousands digit of 2108?
2
What is the tens digit of 1279?
7
What is the hundreds digit of 31605?
6
What is the thousands digit of 22163?
2
What is the tens digit of 125?
2
What is the tens digit of 3133?
3
What is the units digit of 188?
8
What is the tens digit of 3683?
8
What is the hundreds digit of 23383?
3
What is the tens digit of 8207?
0
What is the units digit of 6500?
0
What is the hundreds digit of 11463?
4
What is the units digit of 135629?
9
What is the hundreds digit of 1114?
1
What is the tens digit of 14490?
9
What is the hundreds digit of 448?
4
What is the hundreds digit of 3390?
3
What is the units digit of 628?
8
What is the units digit of 1088?
8
What is the tens digit of 401?
0
What is the ten thousands digit of 43142?
4
What is the thousands digit of 1508?
1
What is the units digit of 2813?
3
What is the hundreds digit of 1335?
3
What is the ten thousands digit of 116246?
1
What is the units digit of 35906?
6
What is the ten thousands digit of 16026?
1
What is the units digit of 2196?
6
What is the units digit of 23217?
7
What is the units digit of 2949?
9
What is the hundreds digit of 2105?
1
What is the tens digit of 5805?
0
What is the ten thousands digit of 50605?
5
What is the units digit of 14126?
6
What is the tens digit of 62299?
9
What is the thousands digit of 41270?
1
What is the hundreds digit of 9183?
1
What is the tens digit of 19740?
4
What is the hundreds digit of 8748?
7
What is the units digit of 308?
8
What is the tens digit of 34620?
2
What is the tens digit of 105?
0
What is the tens digit of 869?
6
What is the hundreds digit of 21808?
8
What is the tens digit of 538?
3
What is the units digit of 38478?
8
What is the hundreds digit of 210?
2
What is the units digit of 1360?
0
What is the thousands digit of 2026?
2
What is the ten thousands digit of 11497?
1
What is the ten thousands digit of 20246?
2
What is the units digit of 6664?
4
What is the hundreds digit of 9721?
7
What is the thousands digit of 10294?
0
What is the hundreds digit of 28488?
4
What is the thousands digit of 16236?
6
What is the tens digit of 278?
7
What is the hundreds digit of 1031?
0
What is the units digit of 61273?
3
What is the tens digit of 217?
1
What is the hundreds digit of 914?
9
What is the tens digit of 30476?
7
What is the units digit of 4307?
7
What is the tens digit of 1984?
8
What is the thousands digit of 32258?
2
What is the thousands digit of 8622?
8
What is the thousands digit of 1017?
1
What is the ten thousands digit of 21596?
2
What is the hundreds digit of 345?
3
What is the thousands digit of 2538?
2
What is the tens digit of 26?
2
What is the thousands digit of 6067?
6
What is the hundreds digit of 5584?
5
What is the thousands digit of 41643?
1
What is the tens digit of 606?
0
What is the ten thousands digit of 53051?
5
What is the thousands digit of 6027?
6
What is the units digit of 3394?
4
What is the ten thousands digit of 56696?
5
What is the units digit of 7329?
9
What is the tens digit of 14?
1
What is the ten thousands digit of 124808?
2
What is the tens digit of 123103?
0
What is the units digit of 607?
7
What is the thousands digit of 4270?
4
What is the thousands digit of 2813?
2
What is the hundreds digit of 66606?
6
What is the thousands digit of 2898?
2
What is the ten thousands digit of 31675?
3
What is the units digit of 10190?
0
What is the units digit of 225?
5
What is the tens digit of 1253?
5
What is the thousands digit of 11151?
1
What is the thousands digit of 2067?
2
What is the hundreds digit of 1461?
4
What is the tens digit of 31860?
6
What is the units digit of 452?
2
What is the hundreds digit of 506?
5
What is the hundreds digit of 1394?
3
What is the thousands digit of 27028?
7
What is the units digit of 2975?
5
What is the hundreds digit of 848?
8
What is the hundreds digit of 2165?
1
What is the hundreds digit of 1051?
0
What is the tens digit of 15375?
7
What is the units digit of 1926?
6
What is the tens digit of 514?
1
What is the units digit of 313?
3
What is the tens digit of 243?
4
What is the units digit of 5566?
6
What is the thousands digit of 2511?
2
What is the hundreds digit of 57641?
6
What is the tens digit of 81084?
8
What is the thousands digit of 140556?
0
What is the hundreds digit of 14206?
2
What is the tens digit of 4375?
7
What is the tens digit of 4444?
4
What is the units digit of 994?
4
What is the tens digit of 13799?
9
What is the hundreds digit of 1076?
0
What is the thousands digit of 6766?
6
What is the tens digit of 116210?
1
What is the hundreds digit of 502?
5
What is the thousands digit of 2463?
2
What is the units digit of 19974?
4
What is the ten thousands digit of 80603?
8
What is the ten thousands digit of 15841?
1
What is the tens digit of 4495?
9
What is the thousands digit of 63918?
3
What is the units digit of 17074?
4
What is the ten thousands digit of 184069?
8
What is the ten thousands digit of 27361?
2
What is the tens dig